ue
Suppose -5*a + 16989 = 2*m - 8312, a + 3*m = 5068. Is a a composite number?
False
Let d be (-8)/(-6) - 7/21. Let a(b) be the third derivative of 17*b**6/4 + b**4/24 - b**3/3 + 3*b**2. Is a(d) a composite number?
False
Let v = 11022 + 10741. Is v composite?
True
Suppose -4*w + 3*p = -10167, -p - 251 = 2*w - 5322. Let i = -1141 + w. Is i a prime number?
False
Let u = -2249 - -1009. Let m = u - -1863. Is m a composite number?
True
Suppose -3*m = 3*p - 17145, -9*p + 7*p + 4*m + 11418 = 0. Is p prime?
False
Let l(b) be the first derivative of 5*b**2 - 7*b - 11. Let u be l(-12). Is u/((1/(-5))/1) a composite number?
True
Is 35204/((-24)/(-12)) - -7 composite?
False
Let c(v) be the second derivative of v**4/3 + v**3/6 + v. Suppose 112 = a + 117. Is c(a) a prime number?
False
Suppose 8 = -13*r + 9*r, 0 = -3*p - 3*r + 19467. Is p a composite number?
False
Let u = 8476 + 4237. Is u a prime number?
True
Suppose -49044 = 15*b - 27*b. Is b a prime number?
False
Let b(a) = a**2 + 7*a + 5. Let m be b(-6). Is -291*(m - (-2)/(-3)) prime?
False
Let c = 14666 - 6457. Is c a composite number?
False
Let o = 22715 + -12673. Is o a composite number?
True
Suppose -2174 = -4*u + 2*k, -2*k + 8 = 18. Is u composite?
False
Let i = 8 - 5. Suppose 3*o - 376 = 4*d, -3*o + i*d - 89 = -470. Let s = o + -58. Is s composite?
True
Let m(w) be the first derivative of w**3/3 + 3*w**2 + 5*w + 6. Let d be m(-6). Suppose 4*g + 378 = d*x, -3*x + 5*x - 4*g = 156. Is x a prime number?
False
Let q(y) = -y**2 - y + 1. Let u be (6/15)/((-1)/5). Let i be q(u). Is (i - (-1 + 2)) + 253 composite?
False
Let v(z) = 2*z - 4. Let p be v(5). Suppose 5*u = -c + 16, -5*u + p = 2*c - 11. Is (u - 0)/((-2)/(-194)) a prime number?
False
Let f = 27 + -22. Suppose f*m = 2*m + 378. Suppose m = 2*b - 488. Is b prime?
True
Let b(d) = 580*d**3 + 3*d**2 + 3*d - 3. Is b(1) a prime number?
False
Is 2/22 - 2204904/(-143) composite?
True
Let d(w) be the second derivative of w**4/12 - w**3/6 - 19*w**2/2 + 26*w. Is d(30) a prime number?
False
Is ((-7798980)/49)/(-4) - (-6)/21 composite?
False
Suppose -3 = 5*u + 37. Let s = 58 - -65. Let t = s - u. Is t prime?
True
Suppose 0 = -13*d + 14*d - 211. Is d prime?
True
Let o = 1116 - -203. Is o composite?
False
Let z(t) = -8*t**3 + 2*t**2 + 6*t - 2. Suppose -18 = g - 13. Let h(i) = -i**3 + i**2 - i + 1. Let u(b) = g*h(b) + z(b). Is u(-6) a prime number?
True
Suppose 2*g = -w + 4*w - 24749, -4*w = 2*g - 33008. Is w prime?
False
Suppose -2*k = -7*k + 19850. Suppose -g = g - k. Is g composite?
True
Let q be -2 - (1 + (-40)/2). Let g(a) = a**2 - 9*a - 21. Is g(q) composite?
True
Let k(g) be the first derivative of 3*g**4/4 + 2. Let c be k(1). Suppose -c*q + 8*q - 253 = -3*p, -5*p = 20. Is q a composite number?
False
Suppose 36*q - 35*q = 51. Let a = 178 - q. Is a prime?
True
Suppose 6*x - 132 = 2*x. Suppose 2*m - t = 117, -3*m = -t - 45 - 129. Suppose -4*y + 96 = -4*s, -4*y = -s - m - x. Is y a composite number?
True
Let f(o) = o**3 + 19*o**2 - 13*o + 12. Let b(p) = -p**3 - 18*p**2 + 12*p - 12. Let k(m) = -6*b(m) - 5*f(m). Is k(-13) a prime number?
True
Is (-27)/15 + 2 - 130728/(-60) a composite number?
False
Suppose 27153 = -6*c - 16863. Is c/(-24) + 4/3 composite?
False
Let o(d) be the third derivative of 71*d**5/20 + d**4/12 + 5*d**3/3 + 5*d**2. Is o(-3) composite?
True
Suppose -21*j = -19*j - 4. Suppose 0 = 3*s - p + 679 - 4905, -s + 1407 = -j*p. Is s a prime number?
True
Let a(q) = q**2 - 6*q + 6. Let r be a(5). Let v be (r - 5)*377/(-2). Suppose -b - b = -v. Is b a prime number?
False
Let v(i) = -104*i + 3. Let x(y) = -y**2 - 13*y - 14. Let b be x(-12). Is v(b) a prime number?
True
Let p(h) = -312*h + 16. Let m be p(-5). Let i = -257 + m. Is i a composite number?
False
Is (-6 - -8)*1671/6 a prime number?
True
Let h = -90 - -82. Is (2 - (-20)/h)/(2/(-716)) prime?
True
Let r be -2*3/6 + (4 - 1). Suppose -4*v + 2*t = -4166, -4*v - r*t + 4181 = t. Is v composite?
True
Suppose 57407 + 25094 = 17*q. Is q prime?
False
Let w = 64284 - 42806. Is w prime?
False
Suppose 20161 - 153050 = -17*d. Is d a composite number?
False
Suppose m - 5 = -4*m, 11 = 4*c + 3*m. Suppose 0 = c*r - 2*h - 590, 2*h - 285 = -r - 2*h. Is r a composite number?
False
Suppose 0 = -17*a - 16*a + 41019. Is a prime?
False
Let l(g) = -g**3 - 6*g**2 + 6*g + 13. Is l(-14) a composite number?
True
Suppose -2*s + 4*i + 28 = 0, -4*i - 8 = -s + 4*s. Let b = -20 + 36. Suppose b = 4*q, -196 = -s*p + q + 3*q. Is p prime?
True
Let f = 284 - -487. Is f*(-1)/3*-1 a prime number?
True
Let t(g) = g**2 - 7*g - 97. Is t(29) a composite number?
False
Is -3*(5 - (-69088)/(-12)) composite?
False
Let k(b) = -63*b**3 - 6*b**2 - 4*b - 9. Is k(-4) prime?
True
Is 0/1 + 19579 + 0 prime?
False
Let l = -11 - -5. Let a(h) = -8*h - 1. Let b be a(l). Let v = b + -34. Is v a composite number?
False
Let o = 152 + -141. Let a(j) = 2*j**3 - 9*j**2 - 19*j - 3. Is a(o) prime?
True
Is (13 - 9252/(-9))*10/6 prime?
False
Suppose 4908 = -5*y + 17*y. Let f = 34 + 59. Suppose 4*t = -f + y. Is t a composite number?
False
Let y be 0 + 285 - (11 - 15). Let q = 594 - y. Is q prime?
False
Let g(d) = d**2 + 6*d + 10. Let l be g(-4). Suppose 0 = -2*y + l*z + 836, -2*z - 1103 + 3172 = 5*y. Suppose -y = -3*f - 2*f. Is f composite?
False
Let d = 7018 + -3382. Suppose d + 431 = 7*w. Is w composite?
True
Suppose -15785 = -5*a - 2*a. Let i = a + 1194. Is i a prime number?
True
Suppose 0 = 4*d - 2*d - 4. Suppose -5*f + 3*b = -b - 3077, d*f - 2*b - 1232 = 0. Let q = 912 - f. Is q composite?
True
Suppose t = -0*t + 5. Suppose 10*c = t*c. Suppose -g + n + 386 = -c*n, 12 = 4*n. Is g a composite number?
False
Suppose 4*z = -2*l + 6094, 0 = 5*l + 15*z - 11*z - 15223. Is l prime?
False
Suppose a - 27 = 4*a. Let g(l) = l**2 + 5*l + 7. Let f be g(a). Suppose 116 + f = 3*i. Is i prime?
True
Let x(l) = 10*l + 26. Let v(g) = 7*g + 17. Let b(y) = 7*v(y) - 5*x(y). Let f be b(-14). Suppose 5*d = 2*p, -p = -f*p - 5*d + 40. Is p a prime number?
False
Let y = 328 + 541. Is y a composite number?
True
Is (40/(-60))/(4/(-37458)) + 4 a prime number?
True
Is 146609919/1419 + (-2)/11 a prime number?
True
Let z(b) = 32*b**3 + b**2 - b. Let w be z(2). Let c = -33 + w. Let p = c + 316. Is p composite?
False
Let g be (-4648)/(-18) + (-6)/27. Suppose 3*r + 5*s - 772 = 0, 0 = -r + 2*r + s - g. Is r composite?
True
Let w be 595/2 - (-4)/8. Suppose -3*h + 2*n = h + 592, 0 = 2*h - 2*n + w. Let p = -94 - h. Is p a composite number?
False
Let b = 7389 + -4886. Is b a composite number?
False
Is 1*(11032 - 3) + -2 a composite number?
False
Suppose -4*t + 54 = 18. Let y = -6 + t. Suppose 3*r = 3*a + 627, 8*r - 1051 = y*r + 2*a. Is r a prime number?
True
Suppose 2*f - 5 = f. Suppose -5*b - 4*l + 7671 = 0, -1635 = -f*b + 5*l + 6045. Is b a prime number?
False
Let r be 105/5*(-6342)/(-9). Let l = -8409 + r. Is l composite?
False
Suppose z - 15 = -4*v, 4*v - 2*z = -5*z + 5. Suppose -2*x + 640 = v*f - 169, 0 = 5*f + 4*x - 803. Is f prime?
True
Let j = -17485 - -25950. Is j prime?
False
Suppose 140 = 10*r + 20. Is 0 + 1201 - -1 - r/(-4) composite?
True
Let y(i) = 34*i**2 + 7*i + 10. Let g be y(-3). Suppose 3*h - 2318 = g. Is h prime?
False
Let k be 11/7 + (-92)/161. Is ((-8646)/(-55))/(2*k/5) a prime number?
False
Let q(z) = z**3 + 33*z**2 - 3*z + 13. Suppose -5*f - 1 = -b, 0 = -2*b + 2*f - 23 - 15. Is q(b) a composite number?
True
Let w = 23 + -20. Suppose -3*x + 6*x + w = 0. Is (2 - 0)*x + 113 a composite number?
True
Let r(d) = -d**3 - 8*d**2 - 10*d - 12. Suppose 5*b - 9 = v + 20, 4*b = v + 25. Let y be r(v). Suppose 5*s = 2*s + y. Is s prime?
True
Let d(s) = -s**3 - 5*s**2 - 6*s + 3. Let n be d(-3). Suppose -4*p + 104 = -k - n*k, -p = -2*k - 29. Is p composite?
False
Let s(y) = y**3 + y + 60899. Let q be s(0). Let o be q/(-5) - 2/10. Is o/(-77) - 2/11 a composite number?
True
Suppose 3*q + 5*o + 1897 = 0, -2516 = 4*q + 4*o - 0*o. Let w = 85 - q. Is w a prime number?
True
Let x(y) = 7*y**3 - 11*y**2 - 54*y + 9. Is x(16) a prime number?
False
Let k = 94 - -535. Is k a prime number?
False
Suppose v - 4*l - 10978 = -v, 2*v - 11006 = -3*l. Is v composite?
True
Let l be ((-30)/(-12))/(1/2). Suppose -3*o + l*o - 8 = 0, 0 = 3*h + 5*o - 8. Is (-92)/(h + 2) - 0 prime?
False
Let v(y) = 2*y**2 - 23*y - 12. Let